u).
7
Let b(a) be the third derivative of -a**8/6720 - a**7/630 - a**6/240 + a**5/40 - a**4/6 - 6*a**2. Let w(u) be the second derivative of b(u). Calculate w(-3).
3
Let c(j) = j**2 - j - 1. Let n(k) = 3*k**2 - 5*k - 1. Let w(b) = 4*c(b) - n(b). Let f = 4 - 7. What is w(f)?
3
Let q(w) = -23*w**2 - 18*w - 17. Let m(h) = 4*h**2 + 3*h + 3. Let p(o) = -34*m(o) - 6*q(o). Determine p(-4).
8
Let y(p) = -p**3 + 20. Suppose 0 = -4*u + 5*s, -2*u - u - 2*s = 0. Determine y(u).
20
Let d(h) = 7*h**2 + 9*h - 7. Let k(s) = 6*s**2 + 8*s - 6. Let f(w) = 5*d(w) - 6*k(w). Give f(-3).
1
Let p(w) = 0 + 4 - 2 + w - 1. Give p(4).
5
Let d(c) = -10*c + 17. Let h(j) = -7*j + 11. Let l(m) = -5*d(m) + 7*h(m). Calculate l(6).
-2
Let n(m) = -m**3 - 3*m**2 - 2*m. Suppose 20 = -3*l + 5*c, 2*l - c - c = -8. Let u = l + 5. Let y(j) = -j**2 + 6*j - 7. Let q be y(u). Calculate n(q).
0
Let q(l) = -9*l - 1. Let h be q(1). Suppose 43 = 2*z + 6*g - 3*g, -5*g = -25. Let f = z + h. Let t(r) = r - 2. What is t(f)?
2
Let v = 4 - 5. Suppose -2 = -2*h - 2*k, 5*k - 4 = h + 1. Let f(z) = z + 2*z**2 + z**3 + h*z - 2*z**3. Give f(v).
2
Let r = 65 - 67. Let g(n) = 3*n + 3. Calculate g(r).
-3
Suppose 5*t + 2*t = -14. Let b(l) be the first derivative of -l**4/4 - 2*l**3/3 + 3*l**2/2 + 3*l - 1. What is b(t)?
-3
Let b(k) = 5*k**2 - 12*k - 1. Let j(r) = 3*r**2 - 8*r - 1. Let x(g) = -5*b(g) + 8*j(g). Give x(-4).
-3
Suppose -7*f + 2*f = -4*z - 40, 2*f - 5*z = 33. Let d(k) = 4*k + f*k - 3*k. What is d(-1)?
-5
Let c(o) = -5*o - 21. Suppose -3*m = -7*m + 28. Let f(p) = -2*p - 10. Let i(x) = m*f(x) - 3*c(x). Calculate i(5).
-2
Let b(w) = -2*w**3 - w**2. Suppose 2*n = -3*n. Let t be ((-3)/(n + -3))/1. Calculate b(t).
-3
Let h(u) = -2*u**2 - 7*u - 6. Let f(v) = 2*v**2 + 8*v + 7. Let k(q) = -5*f(q) - 6*h(q). What is k(-3)?
13
Let r(b) be the first derivative of -2*b**3/3 - 2*b**2 + b - 1. Give r(-3).
-5
Let n(m) = -m**2 + 10*m - 4. Let b(k) = k**3 - 17*k**2 + 16*k + 6. Let q be b(16). What is n(q)?
20
Let x = -5 + 4. Let l be ((-5)/(-10))/((-2)/(-4)). Let q be x*(-1 - l) + -4. Let w(u) = -u**2 + u + 1. What is w(q)?
-5
Suppose b = j + 2*j - 9, -j + 3 = 0. Let h be 0 + (-3 - b)*-1. Let g(t) = t**3 - 3*t**2 + t + 2. Calculate g(h).
5
Let c(b) = 3*b**2 + 3*b - 2. Let g be c(-3). Let o(f) = -g*f**2 - 6*f + 3 + 18*f**2 + f. What is o(3)?
6
Suppose -1 = 5*z - 11. Let r(p) = -z*p + 0 - 2 + 4. Let b be (4/10)/((-9)/(-45)). Determine r(b).
-2
Let a(j) = -j**3 + j. Let w(g) = g**2 - 6*g + 1. Let r(u) = 5*a(u) + w(u). Suppose 0 = 4*s + s + 5*m + 5, -4 = -2*s + m. What is r(s)?
-4
Let y(f) = 2*f - 5. Let r be 8/3*30/20. Determine y(r).
3
Let y = 160 - 157. Let a(p) be the second derivative of -y*p - p**2 + 0 - 2/3*p**3. Determine a(-2).
6
Let c(a) = -a**3 - 6*a**2 + 2. Let p be c(-6). Let q be (p + 4/(-3))*3. Let d(b) = -q + 1 + 0 + b. What is d(-2)?
-3
Let u(v) = -7*v**3 + v**2 + v. Let s(k) = k**2 - k - 2. Let l be s(6). Let n be 7/l + 5/(-4). Determine u(n).
7
Let p(f) be the first derivative of -f**4/4 + 2*f**3 + 3*f**2 - 6*f - 9. Determine p(7).
-13
Suppose 42*c = 35*c - 42. Let y(v) = v + 12. Determine y(c).
6
Let j = 3 + -1. Suppose -j*i - 2*i = -28. Let q(d) = 3 + d + 3 - i. What is q(4)?
3
Let r(t) = -2*t**2 + 4*t + 3. Let z(k) = -3*k**2 + 9*k + 6. Let h(o) = -5*r(o) + 3*z(o). What is h(-5)?
-7
Let l(f) be the first derivative of f**6/360 - f**5/24 + f**3/3 + 3. Let a(k) be the third derivative of l(k). What is a(4)?
-4
Suppose 0 = 32*o - 29*o + 3. Let w(j) = -2*j**2 - 2*j - 1. Determine w(o).
-1
Let s(o) be the third derivative of -o**6/60 + o**5/60 - o**3/6 - 2*o**2. What is s(-1)?
2
Let z(g) = -7*g + 19 + 20 - 40. Give z(1).
-8
Let u be (4 - -1)*48/(-20). Let j = u - -17. Suppose -2*h - j*z = 11, 2 - 4 = -4*h - 2*z. Let o(k) = -2*k - 2. Calculate o(h).
-6
Let w(g) = 4*g + 2. Let t(h) = -3*h - 3. Let a(f) = -3*t(f) - 4*w(f). What is a(-1)?
8
Let f(v) = v**3 + 11*v**2 + v + 11. Let c be f(-11). Let g(x) = x**3 - x**2 + x - 8. What is g(c)?
-8
Let y(b) = b**2 + 5*b. Suppose -3 = 4*c - 3*r - 8, -r + 11 = 5*c. Suppose -c*h + 3 = 11. Calculate y(h).
-4
Let c(p) = -p - 13. Let b be c(-7). Let x(j) be the first derivative of j**2/2 - j - 19. Determine x(b).
-7
Let v(y) = 3*y**2 - 3*y - 5. Let m(x) = 5*x**2 - 5*x - 9. Let p(s) = 4*m(s) - 7*v(s). Calculate p(-2).
-7
Let h(n) = 2*n - 1. Let d = -124 - -123. Calculate h(d).
-3
Suppose 0*y - 5*y = -40. Let i = 7 + y. Suppose 0 = -3*f - 4*u - 10, -3*u = f - 5 + i. Let b(x) = x**2 + 2. What is b(f)?
6
Let b(p) = p**3 - 8*p**2 - 7*p - 11. Let v(t) = -8*t + 9. Let m be v(0). What is b(m)?
7
Let q(a) = 0 - 3*a + 2 - 2*a. Let p(v) = 2*v - 16. Let b be p(11). Suppose -2*i - 2 = -b. What is q(i)?
-8
Let p(i) = 9*i**2 - 5*i. Let o(r) = 8*r**2 - 4*r - 1. Let a(w) = -5*o(w) + 4*p(w). Let l(v) = v**2 + 1. Let t(z) = -a(z) + 4*l(z). Determine t(-1).
7
Let z(l) be the first derivative of -l**4/12 - 3*l**2/2 + 9. Let a(w) be the second derivative of z(w). Calculate a(6).
-12
Let d be 3 + 0 - 112/16. Let y(m) = 2*m + 2. Calculate y(d).
-6
Let i(n) = 3*n + 2. Let a(w) = 7*w + 3. Let v(g) = 4*a(g) - 9*i(g). Let d(t) = -4*t**2 - 3 + 6*t**2 + 5*t - t**2. Let z be d(-6). What is v(z)?
-3
Let r(m) = m + 4. Let y be r(-5). Let d(f) = 17*f**2 + 2*f + 1. Determine d(y).
16
Let s(n) = -3 - 9*n**2 + 5*n - 3*n**2 + 14*n**2 - 2*n - n**3. Let o(y) = 2*y. Let b be o(1). Calculate s(b).
3
Let v = -8 - -14. Let r(x) = -5*x + 7 - 2*x - x**3 - 8*x**2 + v*x**2 - 6*x**2. Calculate r(-7).
7
Suppose 0*r = -r - 3. Let o = r + 2. Let q(h) = 2*h. Let t(s) = -9*s. Let i(z) = 4*q(z) + t(z). Calculate i(o).
1
Let b(v) = 2 + 4*v**2 - v + 0*v + 2*v - v**3. Suppose -3*f + 8 = -d, -2*f + 20 = 3*f. Give b(d).
6
Let z(a) = -a**3 - 7*a**2 + 4. Let m be z(-7). Let h(x) be the second derivative of -1/2*x**m + 3*x - 7/2*x**2 + 0 - 7/6*x**3 - 1/20*x**5. Give h(-5).
3
Let x(s) = -3 + 5 - 3 + s. Give x(6).
5
Let l(h) = h**3 - 2*h**2. Let c be l(2). Let u(q) = -q**3 - 16. Give u(c).
-16
Let i be (-2)/(-3) + (-2)/3. Let g be (i + -3)*3/(-9). Let r(b) = 0*b - 6*b**2 - 2*b + 4*b - 1. Calculate r(g).
-5
Let d = 8 - 3. Suppose 0*w = -d*w - 5. Let t(i) = 3*i + 2. Let m(v) = v + 1. Let a(f) = -4*m(f) + 2*t(f). Calculate a(w).
-2
Let f = 28 + -4. Suppose 4*m = 3*y - f, 2*y = 5*m - 2*y + 31. Let o(c) be the third derivative of -c**5/60 - c**4/12 + c**3/2 - c**2. Give o(m).
0
Let r be (-4)/(4*2/4). Let l be (-8)/6 - r/(-3). Let w(s) = -2*s**2 + 3*s + 2. Give w(l).
-12
Let k(s) = -s**2 - 3*s + 3. Let c be (-2)/8 - (-45)/(-12). What is k(c)?
-1
Let v(o) be the second derivative of 3*o - 2/3*o**3 - 1/12*o**4 + 0 + 3/2*o**2. Calculate v(-4).
3
Let n(h) = 3*h - 2. Let k be (-14)/4*(-36)/21. Let q(j) = 2*j - 9. Let b be q(k). Calculate n(b).
7
Let x be 3 - (-1 + (-1 - -1)). Let d(v) = v**2 + v + 1. Let l(w) = -w**2. Let g(m) = 5*d(m) + 6*l(m). Give g(x).
9
Let x(g) = g + 83*g**2 + 3 - 82*g**2 - 3*g**3 + 4*g**3. Give x(0).
3
Suppose -1 = -5*x - 6. Let q = x + 0. Let b(i) be the first derivative of -i**2 + i - 1. Determine b(q).
3
Let a = -7 + 5. Let r(f) = f - 24*f**2 + 27*f**2 + 2*f + 3. What is r(a)?
9
Let h(s) be the first derivative of -s**4/4 + 3*s**3 - 9*s**2/2 - 9*s + 37. What is h(8)?
-17
Let v(w) = 3*w - 15. Let i be v(6). Suppose 0 = i*t - 2*t + 2. Let a(f) = f**2 - f - 1. What is a(t)?
5
Let n(c) = c**3 + c**2 - c + 3. Let u be (-8)/(-2) - (3 - 2). Suppose 2*s + 5 + u = w, 5*s + 10 = 0. Suppose 0 = -a - w*a. What is n(a)?
3
Let n(k) = k + 4. Let h = -5 - -8. Let a be 6 + -1 - 0/h. Let v(p) = 2*p + 4. Let l(s) = a*n(s) - 4*v(s). What is l(3)?
-5
Let d(n) be the first derivative of 9*n**4/4 + n**3/3 - n - 9. What is d(-1)?
-9
Let m(g) = -2*g**3 + 6*g**3 - 6*g**2 - 8*g**3 + 2 + 5*g**3. Give m(6).
2
Let g = 1 + -6. Let q(x) = x**2 + x + 1. Give q(g).
21
Let x(z) be the second derivative of z**4/12 + 3*z**3/2 + 9*z**2/2 + 9*z. Determine x(-6).
-9
Let o(m) = m**3 - 7*m**2 + 6*m + 5. Let k be o(6). Let f(c) = 3*c + 7*c**2 - k*c**2 + c**3 + 3*c**2 - 3. Suppose 0 = -2*i + 4 - 12. Determine f(i).
1
Let s(a) = -a**2 + 3. Let h(l) = 2*l**2 + l. Let k be h(1). Suppose -4*y = 3*n + 25, -n + y - 8 = k*n. Calculate s(n).
-6
Suppose 0 = 4*w - 5*w - 3, 5*a = -3*w - 9. Let o(n) = -n**3 + 1. Determine o(a).
1
Let r be (-6)/(-3)*-1*-1. Let x be (9/(